*2 + 168*j - 152. Calculate a(1).
301
Let n(b) = b**3 - 7*b**2 + 14*b - 1053. What is n(13)?
143
Let w(a) = -a**2 + 59*a - 792. Determine w(40).
-32
Let c(l) = 57*l + 200. Calculate c(-22).
-1054
Let b(h) = 450*h + 16298. Determine b(-35).
548
Let t(o) = -o**2 + 4137*o - 204358. Give t(50).
-8
Let d(l) = -6*l + 37. Determine d(-30).
217
Let m(b) = -b**2 + 58671*b + 762916. Determine m(-13).
24
Let i(h) = -136*h + 5719. What is i(42)?
7
Let j(q) = -q**3 - 335*q**2 + 5480*q - 47619. Give j(-351).
117
Let i(w) = 42*w**3 - 8184*w**2 - 1171*w + 183. Determine i(195).
-12
Let x(p) = 29*p**2 + 20725*p + 95827. What is x(-710)?
-23
Let h(t) = -6*t**3 + 11*t**2 + 11*t - 86. Give h(6).
-920
Let y(z) = -143136*z - 572561. What is y(-4)?
-17
Let y(g) = -2*g**3 + g**2 - 39398*g - 39399. What is y(-1)?
2
Let j(u) = -840*u + 2471. Calculate j(3).
-49
Let b(d) = 15*d**3 + 2778*d**2 + 640*d + 15728. Give b(-185).
3
Let j(p) = 3525*p**2 - 59922*p - 42. Calculate j(17).
9
Let p(c) = c**3 - 13*c**2 - 6342. Calculate p(24).
-6
Let q(m) = 22999*m - 138126. Give q(6).
-132
Let a(n) = -4*n**2 - 214*n - 2376. Give a(-38).
-20
Let h(a) = -a**2 - 26*a - 418. Give h(-23).
-349
Let f(l) = -5*l**3 + 8*l**2 - 1010*l + 3025. Determine f(3).
-68
Let d(w) = 3*w**2 + 25*w - 3882. Calculate d(32).
-10
Let z(p) = p**3 + 47*p**2 + 10*p - 291. Determine z(-47).
-761
Let m(i) = 46945*i + 77600089. Give m(-1653).
4
Let c(l) = l**3 - 56*l**2 + 679*l - 85. What is c(34)?
-2431
Let d(s) = -3*s**2 - 82*s + 395421. Calculate d(-377).
-52
Let z(p) = p**2 - 1283*p - 48855. What is z(-37)?
-15
Let z(j) = j**3 - 13*j**2 - 41*j + 800. What is z(11)?
107
Let i(p) = p**3 + 10*p**2 - 30312*p - 242618. Determine i(-8).
6
Let b(m) = -6*m**3 - 51*m**2 + 2*m - 49. Give b(-9).
176
Let u(t) = 2204*t + 4735. Give u(-2).
327
Let k(t) = -4437*t**2 - 31086*t - 188. What is k(-7)?
1
Let y(k) = 52870*k + 581525. What is y(-11)?
-45
Let f(t) = 217*t**2 + 14745*t - 739. Calculate f(-68).
9
Let p(g) = -2*g**3 + 209*g**2 - 2687*g - 6375. Calculate p(89).
33
Let u(r) = -r**3 + 38*r**2 + 56*r + 491. Calculate u(39).
1154
Let j(i) = 903*i + 7231. Calculate j(-8).
7
Let j(f) = 32*f**3 + 1665*f**2 - 315*f - 19107. Give j(-52).
-23
Let z(p) = 147*p**2 - 156*p - 155. Give z(-1).
148
Let n(l) = l**2 - 71*l - 1513. Determine n(88).
-17
Let s(h) = 2*h**3 - 330*h**2 + 3*h + 74. Determine s(165).
569
Let x(h) = 11604*h - 139263. Give x(12).
-15
Let z(k) = -54994*k + 384964. Determine z(7).
6
Let t(x) = 104*x + 7004. Determine t(-72).
-484
Let d(i) = -76631*i + 229830. Give d(3).
-63
Let m(a) = -2743*a + 800962. Calculate m(292).
6
Let y(c) = -25*c**3 + 123*c**2 + 215*c - 1046. What is y(5)?
-21
Let v(n) = 73*n**3 - 2957*n**2 + 1468*n + 484. What is v(40)?
4
Let v(k) = -2*k**3 + 5*k**2 - 5979*k + 17938. Determine v(3).
-8
Let q(c) = 2599*c - 449510. Give q(173).
117
Let d(k) = -6*k**2 + 167*k - 946. Give d(17).
159
Let j(m) = 4*m**3 - 569*m**2 - 420*m - 1296. Determine j(143).
-9
Let c(r) = -2586*r + 12864. Calculate c(5).
-66
Let s(d) = -8*d**2 + 288*d - 1037. What is s(4)?
-13
Let j(d) = -4*d**3 + 93*d + 684. Determine j(0).
684
Let b(d) = 29*d**3 + 404*d**2 + 34*d + 700. What is b(-14)?
-168
Let x(w) = w**3 + 146*w**2 - 3382*w - 6919. What is x(22)?
-11
Let v(n) = -55*n**2 - 1316*n + 41. Determine v(-24).
-55
Let n(x) = -3540*x**2 - 7114*x - 5. Give n(-2).
63
Let g(a) = 10*a**3 - 8901*a**2 + 876*a + 12471. What is g(890)?
11
Let p(d) = 3*d**2 - 451*d + 13202. What is p(44)?
-834
Let x(a) = -3015*a - 172228. Determine x(-57).
-373
Let v(y) = -4*y**3 - 187*y**2 - 37*y - 4062. Determine v(-47).
-114
Let s(v) = -v**2 + 207*v - 3252. Determine s(17).
-22
Let d(c) = -c**2 - 10151*c - 162156. Give d(-16).
4
Let m(o) = 2*o**2 - 1297*o + 138274. Give m(514).
8
Let i(f) = f**2 - 2639*f + 28886. Determine i(11).
-22
Let a(n) = -3175*n - 339. Calculate a(0).
-339
Let m(l) = -633*l - 6007. Calculate m(-11).
956
Let x(r) = 224*r + 45030. Give x(-201).
6
Let y(m) = -1114*m + 40902. What is y(37)?
-316
Let p(g) = -6*g**3 + 17*g**2 + 250*g - 714. Calculate p(3).
27
Let m(j) = 9622*j + 240439. What is m(-25)?
-111
Let m(h) = -22*h - 790. Determine m(7).
-944
Let x(s) = 7*s**2 - 2096*s - 25197. Determine x(311).
-6
Let r(d) = -2084*d - 1619228. Determine r(-777).
40
Let l(q) = 4*q**2 + 314*q - 2718. Determine l(8).
50
Let f(q) = 518*q - 10007. Determine f(20).
353
Let o(c) = 21*c + 1253. What is o(-29)?
644
Let y(o) = 5*o**2 + 103*o + 1116. Give y(-14).
654
Let s(p) = -53350*p - 266747. Calculate s(-5).
3
Let o(j) = 8*j**3 + 414*j**2 - 473*j + 3029. Calculate o(-53).
8
Let p(v) = -v**3 - 7*v**2 - 916*v - 1810. What is p(-2)?
2
Let b(h) = -66*h**2 + 1159*h + 137. What is b(16)?
1785
Let b(f) = 900*f**3 + 2*f**2 - 270*f + 267. Determine b(1).
899
Let h(l) = -9261*l + 1722444. Give h(186).
-102
Let s(o) = -34*o**2 + 75*o + 805. Determine s(-10).
-3345
Let b(x) = -486*x**3 - 73379*x**2 + 1055*x - 274. Give b(-151).
28
Let k(u) = -410*u - 5299. Give k(-13).
31
Let r(i) = -3*i**3 - 54*i**2 + 2150*i + 6862. Calculate r(-3).
7
Let n(q) = 345770*q + 3803482. Give n(-11).
12
Let t(y) = 205013*y - 410023. Give t(2).
3
Let o(w) = 1929*w - 31022. What is o(16)?
-158
Let q(g) = -g**2 - 201*g - 788. Determine q(-4).
0
Let h(k) = 3*k**3 + 3*k**2 - 15620*k + 31226. Calculate h(2).
22
Let k(f) = 2*f**3 + 334*f**2 - 19*f - 3251. Determine k(-167).
-78
Let x(h) = -333786*h + 2002750. What is x(6)?
34
Let m(a) = -2*a**3 + 27*a**2 + 437*a - 1. Give m(23).
-1
Let f(w) = 24*w**2 + 396*w + 331. Give f(-16).
139
Let s(c) = -3*c**2 - 50347*c + 402944. Give s(8).
-24
Let t(y) = -21*y**2 - 448*y - 48. Determine t(-22).
-356
Let y(l) = -2*l**3 + 126*l - 383. Calculate y(3).
-59
Let c(g) = g**3 - 71*g**2 + 1030*g - 76. Give c(18).
1292
Let r(p) = 30*p**2 + 19003*p + 139597. What is r(-626)?
-1
Let r(f) = -76*f**2 - 689*f - 13. What is r(-9)?
32
Let l(u) = -5*u**3 + 168*u**2 + 64*u - 79. Determine l(34).
-215
Let l(p) = 129*p**2 - 10571*p + 9876. Calculate l(81).
-6
Let i(m) = 208*m**2 + 17059*m + 248. Give i(-82).
2
Let l(m) = 788*m + 14072. Calculate l(-21).
-2476
Let f(d) = 68*d**2 + 1432*d + 6149. Give f(-6).
5
Let a(j) = 27*j**2 + 850*j + 1275. What is a(-30)?
75
Let m(t) = -24376*t + 146273. Determine m(6).
17
Let t(s) = -16*s**2 + 1766*s + 5004. Calculate t(113).
258
Let s(f) = 7*f**2 - 2836*f + 42736. Determine s(15).
1771
Let h(g) = -g**2 + 16193*g + 1056782. Calculate h(-65).
12
Let k(r) = r**2 - 284*r + 16959. Give k(90).
-501
Let l(z) = z**2 - 636*z - 1910. Determine l(-3).
7
Let p(z) = -13520*z + 54043. Give p(4).
-37
Let i(d) = 372*d + 17162. Give i(-49).
-1066
Let u(h) = -1222*h - 4872. What is u(-4)?
16
Let n(f) = 1568*f - 64373. Determine n(41).
-85
Let p(k) = 42810*k + 3852841. Calculate p(-90).
-59
Let b(n) = 5*n**3 - 951*n**2 + 186*n - 767. What is b(190)?
-1527
Let w(z) = z**3 + 2576*z**2 - 31033*z - 168. What is w(12)?
108
Let i(d) = -12*d**2 - 433*d + 868. Determine i(2).
-46
Let v(b) = -b**3 - 62*b**2 - 961*b - 170. Calculate v(-33).
-38
Let c(m) = -2*m**3 - 122*m**2 + 298*m + 418. Calculate c(-63).
-2480
Let d(f) = f**3 - 37*f**2 - 159*f + 1561. Give d(40).
1
Let n(v) = -672*v + 253981. Give n(378).
-35
Let x(h) = h**2 - 128*h + 3591. Give x(44).
-105
Let a(p) = 7*p**2 + 3431*p + 50350. What is a(-475)?
0
Let u(x) = 3*x**2 + 95*x - 1238995. Give u(627).
-43
Let o(x) = -2*x**3 + 5*x**2 + 30*x - 16. Calculate o(6).
-88
Let c(f) = 226910*f + 7261161. Determine c(-32).
41
Let j(c) = c**3 - 226*c**2 - 1392*c - 25. Calculate j(232).
-25
Let d(f) = 22*f**3 + 260*f**2 + 197*f - 9. Determine d(-11).
2
Let i(c) = -212927*c - 3619781. Calculate i(-17).
-22
Let v(g) = 2*g**2 - 2385*g - 16780. Give v(-7).
13
Let x(l) = -26*l - 1188. Calculate x(15).
-1578
Let a(l) = l**3 - 312*l**2 + 16416*l - 83. Calculate a(245).
162
Let x(y) = -10*y**3 - 6*y**2 + 76*y - 294. Determine x(4).
-726
Let s(m) = 7*m**2 + 8449*m + 75447. Determine s(-9).
-27
Let k(x) = -x**3 + 44*x**2 + 189*x - 52. What is k(-4)?
-40
Let c(w) = -12573*w + 113190. Give c(9).
33
Let y(i) = 2*i**3 + 81*i**2 + 106*i - 522. Give y(-39).
-93
Let d(q) = -7*q**2 - 655*q - 2574. Calculate d(-90).
-324
Let j(w) = w**3 - 102*w**2 + 201*w - 99. What is j(100)?
1
Let n(j) = -j**2 - 25*j + 2252. What is n(